 + 36. Let s be i(0). Let x = s + 0. Let h(j) = j + 19. What is the remainder when x is divided by h(0)?
17
Let y = -4 - -8. Let a = -16 + 27. Calculate the remainder when a is divided by y.
3
Calculate the remainder when 7 is divided by 3/(-12) + 18/8.
1
Let f(j) = -j**3 - 8*j**2 + 9*j + 4. Let b be f(-9). Calculate the remainder when 5 is divided by b/5*(-1 + 6).
1
Let p(l) = -l**2 + l + 5. Let h be p(6). Let y = h - -50. Calculate the remainder when y is divided by 9.
7
Suppose -5 = 4*s - 3*s, 25 = -2*a + s. Let j = a + 31. Calculate the remainder when j is divided by 6.
4
Let b = 33 + -9. What is the remainder when b is divided by 9?
6
Let c = 12 + 3. Let w be (-3)/c - 22/(-10). Calculate the remainder when 1 is divided by (1 + (3 - 2))/w.
0
Let h(o) = o**3 - 7*o**2 + 11*o - 17. What is the remainder when h(7) is divided by 31?
29
Let s = -1 - -4. Let h be (-2)/(-5 + s) - -3. Suppose 0 = h*g - 17 - 71. What is the remainder when 42 is divided by g?
20
Suppose q + 0*q - 12 = 0. What is the remainder when 35 is divided by q?
11
Let k = 5 + 10. Suppose -k = -2*g + 19. What is the remainder when g is divided by 5?
2
Suppose -33*n - n = -204. Suppose 3*q = 2*x + 7 + 9, 0 = -5*q + 2*x + 20. Suppose q*y - 20 = -3*y. Calculate the remainder when n is divided by y.
2
Let k = -14 - -23. Let q = 84 + -4. Suppose 0 = 5*r + x - 130, -r + x = -4*r + q. Calculate the remainder when r is divided by k.
7
Suppose -3*k + 108 = 3*c, -2*k - 17 = 4*c - 159. Calculate the remainder when c is divided by 19.
16
Let p(s) = 46*s**2 + s. Let a be 2*(-3)/6*-1. Let v(q) = 15*q + 1. What is the remainder when p(a) is divided by v(1)?
15
Let b be (-76)/(-3) - 1/3. Suppose -3*k - 4*z + 5 = 0, -z = -7*k + 9*k. Let n = b + k. Calculate the remainder when n is divided by 13.
11
Suppose i - 2*i - 129 = -3*d, d - 3*i = 43. Suppose 0*m = 2*m - 30. Calculate the remainder when d is divided by m.
13
Let r = -4 + 7. Let i = r + 14. What is the remainder when 48 is divided by i?
14
Let h = 0 - -6. Suppose 3*z - 12 = -2*b, -h*z + z + 10 = 0. Suppose -b*s = 2*s - 70. Calculate the remainder when 40 is divided by s.
12
Suppose 2 = 4*q + 2*x, 0 = 4*q - x - 7 - 4. Let a = -114 - -116. What is the remainder when q is divided by a?
0
Suppose -4 = 2*w - 3*w. Let p = 15 - 15. Suppose 2*t - 4*t + 14 = p. What is the remainder when t is divided by w?
3
Suppose -k = 2*k - 75. Let g(y) = y**3 - 6*y**2 + y + 6. Let z be g(6). Let l = k - z. Calculate the remainder when 24 is divided by l.
11
Let u(l) = 2*l**3 - 5*l**2 + 3*l + 5. Let t be u(4). Let o = -9 - -13. Suppose -o*c = c - t. Calculate the remainder when 37 is divided by c.
11
Let l = 32 - -29. Suppose -k + 105 = 4*k. Suppose 4*x + k = 85. What is the remainder when l is divided by x?
13
Suppose 0 = y + 2*y - 24. Suppose 3*u = 5*v - 3*v - 36, -3*u = -v + 21. Calculate the remainder when v is divided by y.
7
Suppose -o = 2*o - 27. Suppose -o - 6 = -5*w. Suppose -5 = w*p - 4*p. What is the remainder when 13 is divided by p?
3
Suppose 5*j + 48 - 233 = 0. Calculate the remainder when 109 is divided by j.
35
Let k be (1 - (-2)/(-6))*3. Suppose 2*w = -k, 0*j + 19 = 3*j - 4*w. Calculate the remainder when 8 is divided by j.
3
Let w = 3 - 1. Suppose -3*y + 18 = 4*r, 0*y + w*r - 4 = y. Suppose -3*u + 3*o - 38 + 131 = 0, -2*u = y*o - 78. Calculate the remainder when u is divided by 18.
17
Let g be (-1)/(-3)*0 + 2. Suppose -z + 2*r + 54 = -131, g*r = 4*z - 734. Suppose -4*b = 35 - z. Calculate the remainder when b is divided by 13.
11
Let o(p) = p**2 - 5*p - 20. What is the remainder when 61 is divided by o(9)?
13
Let q = -6 + 9. Calculate the remainder when 11 is divided by 0 - ((-18)/q)/1.
5
Suppose -c - 3*o + 14 = c, 5*c - o = 69. Suppose s + 3*s = -28. Let m(i) = -i**2 - 9*i - 9. What is the remainder when c is divided by m(s)?
3
Suppose -4*h = -h - 6. Suppose -i = -3*u + 31, -u + 5*i + h = 1. What is the remainder when u is divided by 7?
4
Suppose -u - 4*u - 20 = 0. Calculate the remainder when u/2 - -2*6 is divided by 4.
2
Suppose n = s + s - 104, 3*n - 59 = -s. Calculate the remainder when s is divided by (-3 - 0) + (-2 - (-23 - 0)).
17
Let x = 67 + -49. What is the remainder when 47 is divided by x?
11
Let w be ((-8)/(-3))/((-4)/(-6)). Suppose m - w = -m. Suppose m*u + 0*u - 26 = 0. Calculate the remainder when u is divided by 5.
3
Let j(f) = -2*f**3 + 2*f**2 + 3*f + 2. What is the remainder when j(-2) is divided by -1 + (12 - 1) - -1?
9
Suppose 2*s + 194 = 3*y + y, -y + 44 = 4*s. Calculate the remainder when y is divided by 17.
14
Let t = -120 - -186. What is the remainder when t is divided by 14?
10
Let d = 10 - 10. Suppose -c = 5*w + 1 - d, -c = w - 3. What is the remainder when 13 is divided by c?
1
Suppose 0 = -l + 4. Suppose 0 = l*v - 41 - 27. Let y = -7 + v. Calculate the remainder when 29 is divided by y.
9
Suppose -8*f + 3301 = 909. Calculate the remainder when f is divided by 60.
59
Let p(r) = 3*r + 5. Let o be p(5). Let y = -7 + o. Calculate the remainder when 38 is divided by y.
12
Let q(v) = 2*v**2 + 3*v + 1. Let i be (-4 - 1)*(-4)/(-5). Calculate the remainder when q(i) is divided by 0 + -1 - (-4 + -9).
9
Let c(z) = -z**3 + 7*z**2 - 2*z + 9. What is the remainder when c(6) is divided by 9?
6
Suppose 4*a = -4*o + 96, -2*o + 55 = a - 6*a. Let j = -33 + 42. What is the remainder when o is divided by j?
7
Suppose 3*g - 95 = -5*o + 68, 2*g - 102 = -2*o. Suppose 0 = -5*a + 5*p + 145, -p + 0*p + 67 = 3*a. Calculate the remainder when g is divided by a.
22
Let w = -28 - -41. Calculate the remainder when w is divided by 5.
3
Let v = 28 + -23. Calculate the remainder when 9 is divided by v.
4
Calculate the remainder when ((-4 - -2) + 3)*39 is divided by 10.
9
Suppose 5*r - 71 = 2*p, -5*r - 21 = -0*p + 2*p. Let m = 33 + p. What is the remainder when ((-5)/m)/(2/(-104)) is divided by 9?
8
Let u be 1/(-2)*(-135 - -1). Let g = -45 + u. Let y = -10 + g. Calculate the remainder when 23 is divided by y.
11
Let s = 137 - 15. What is the remainder when s is divided by 25?
22
Let a(b) = -3*b - 4. What is the remainder when a(-10) is divided by 7?
5
Let l = 135 + -124. Calculate the remainder when 60 is divided by l.
5
Let m = 56 - 44. What is the remainder when m is divided by 5?
2
Suppose -5*r - 5 + 45 = 0. Calculate the remainder when 31 is divided by r.
7
What is the remainder when 75 is divided by (5/10)/(1/52 + 0)?
23
Suppose b + 78 = -3*u - b, -2*b + 6 = 0. What is the remainder when (-2)/(-7) + (-524)/u is divided by 11?
8
Suppose 3*m + 5 = -10. Calculate the remainder when 1*(9 - (-2 - m)) is divided by -1 + 3/((-6)/(-10)).
2
Let p(a) = a**2 + 4*a + 6. Let k be p(-5). Let v(q) = 4*q - 6. Calculate the remainder when v(k) is divided by 13.
12
Let r = -2 + 2. Suppose r = -5*l + 4*z + 149, 2*z = 2*l - 38 - 22. Suppose 5*a - a = 40. Calculate the remainder when l is divided by a.
9
Let s = 8 + 2. Calculate the remainder when 35 is divided by s.
5
Let o = 3 - 5. Let g = 5 + o. What is the remainder when 7 is divided by g?
1
Suppose -12 = -3*h + h - 4*y, -18 = -4*h - 2*y. Suppose -h*p + 21 = -p. Let o(q) = 5*q - 10. Calculate the remainder when o(p) is divided by 9.
7
Suppose 0*r - 2*b = -2*r + 24, -5*r - 3*b = -20. Let s(c) = 7*c**2 - c**2 - r*c**2 - 17 + 15*c. What is the remainder when 26 is divided by s(13)?
8
Let d(i) = -i**2 + 9*i - 4. Calculate the remainder when d(6) is divided by 4.
2
Suppose 0 = 2*g, -30 = p + g - 132. Let z = p - 61. Calculate the remainder when z is divided by 11.
8
Let r be 90/12*(0 - -2). What is the remainder when 18 is divided by (2/1)/(6/r)?
3
Let h be ((-4)/12)/((-1)/27). Suppose h = a + 2*y + 2, -2*a + 3*y + 35 = 0. What is the remainder when 25 is divided by a?
12
Suppose -4*z + 3*c = -27, 2*z = 3*c - 0 + 9. Let y(f) = 3*f + 43. Calculate the remainder when z is divided by y(-13).
1
Let t(n) = -n**3 + 4*n**2 + 13. Let g(y) = y**3 - 3*y**2 - 14. Let v(h) = -3*g(h) - 2*t(h). Calculate the remainder when -2 + -48*(-4)/6 is divided by v(0).
14
Let y(u) = u**2 + 6*u + 4. What is the remainder when 42 is divided by y(-7)?
9
Calculate the remainder when (-120)/18*6/(-8) is divided by 2.
1
Suppose 0*z - 4*z + 120 = 0. Calculate the remainder when z is divided by 8.
6
Let q = -3 - -12. Calculate the remainder whe